o. What is l(6)?
-6
Let c(r) = 7 - 5*r - 20 + 7 + 7. Let n(f) = f**2 - 7*f + 9. Let o be n(6). Suppose -z + 0*z = -4*l, o*l = 5*z + 17. Give c(l).
6
Let x be 12/(-2)*2/(-4). Let z(i) = -2*i + i + 4 + 18*i**3 - 17*i**x + 3*i**2. Determine z(-3).
7
Let v(t) = 26*t - 3*t**2 + 5 + 21*t - 44*t. Determine v(-4).
-55
Let r(t) = -t**2 - 26*t - 45. Let z be r(-24). Let y(j) = -2 + 4*j + 2 + 1 - 5*j. Let m(p) = -9*p + 9. Let k(v) = -m(v) + 6*y(v). Calculate k(z).
6
Let w(c) be the third derivative of -c**6/60 - 7*c**5/60 + 5*c**4/24 - c**3/3 - 428*c**2 - 2*c. Determine w(-4).
-6
Let n be -3 - (-2)/((-2)/(-3)). Let x(v) be the third derivative of -v**6/120 - v**5/60 - v**4/24 + v**3 + 3*v**2 - v. Determine x(n).
6
Suppose -2*d + 4*l - 4 = 6, -3*l = -4*d. Let r be 3 - 1/(6/(-114)). Let w(p) = -r*p**2 - 27*p**2 - p**3 + 51*p**2. Determine w(d).
-9
Let f(s) = 3*s - 1. Suppose -5*a - 5*o + 8 = -17, 5*o - 7 = 4*a. Suppose 2*z + 7 = d - a*z, 0 = -3*d - 4*z + 5. Calculate f(d).
8
Suppose -7 = 3*r - 82*g + 87*g, -11*g + 31 = -5*r. Let t be -12 + 0*(-2)/4. Let d(p) = -p - 1. Let y(s) = -8*s - 8. Let a(c) = t*d(c) + 2*y(c). Calculate a(r).
12
Let c be -5 - 4*10/(-8). Let p(a) = -a**3 - a - 25. What is p(c)?
-25
Let n = -10 - -14. Suppose 0 = -r - 2*r + n*o + 32, -2*o + 38 = 3*r. Let s be 1*3 + -15 + r. Let g(a) = -a**2 - a + 7. What is g(s)?
7
Let w(r) be the first derivative of -r**4/12 - r**3/2 + r**2/2 - 3*r - 5. Let x(s) be the first derivative of w(s). What is x(-4)?
-3
Let y(c) be the third derivative of 1/24*c**4 + 0*c + 0 + 24*c**2 - 5/2*c**3. Give y(11).
-4
Let d(a) = 3*a**2 + 2*a + 3. Let w(q) = q**2 - 4*q + 7. Let x be w(3). Suppose x*h = 5*h - 8. Suppose -4*b - 3*g + h*g - 28 = 0, 16 = -4*b + 2*g. What is d(b)?
11
Let z(a) = 3*a - 8*a**2 - 2 - 2*a + 2*a**2 + 6*a**2 + 2*a**2. What is z(-3)?
13
Let s be 120/55 - 6/33. Let w(t) = 3 + s + t - 1 - 6. Let v be w(3). Let o(m) = -6*m**3 + m**2 + m - 1. Calculate o(v).
-5
Let z(o) be the first derivative of 0 + 3 - 3*o + o**2 + 0. Let x = 9 + -5. Determine z(x).
5
Let q(o) be the first derivative of -o**4/4 - 8*o**3/3 - 4*o**2 - 5*o + 73. Give q(-7).
2
Let i(f) be the first derivative of f**7/840 + f**6/180 + f**5/60 - 3*f**3 - 6. Let s(w) be the third derivative of i(w). Suppose -3*x + 2 = 8. What is s(x)?
-4
Let m(x) be the third derivative of -x**7/2520 + x**6/144 + x**5/60 + 4*x**4/3 + 28*x**2. Let n(b) be the second derivative of m(b). Give n(-3).
-22
Let k(t) = 2*t + 1. Let c be ((-4)/10)/(2/10). Suppose -18*r + 22 = -7*r. Let f be r/((c - 0)/(-1)). Give k(f).
3
Let u(h) be the second derivative of 3*h**5/20 + h**4/6 - h**3/3 + h**2/2 + h - 12. Give u(1).
4
Let h be (-45)/20*(-8)/6. Suppose 0*w - h = -w. Let a = w - 2. Let g(p) = -p**3 - p**2 + 2*p - 1. Determine g(a).
-1
Let x be 2/(-6)*9*-1. Let r be ((-2)/4)/((-7)/2 + x). Let m(n) = 8*n. What is m(r)?
8
Suppose 2 = -10*x + 11*x. Let y(o) = 0*o - 64 - 6*o + 60 - 3*o**x + o**2. Give y(-4).
-12
Let s(x) = x + 10. Let f(n) = -8*n**2 + 2*n - 1. Let i(g) = -g**2 + 12*g - 19. Let p be i(10). Let y be f(p). Give s(y).
3
Let q(g) = -g**3 + 3*g**2 - 9*g - 2. Let j(f) be the third derivative of -f**5/30 + 5*f**4/24 + f**3/6 - 6*f**2. Let x(v) = 5*j(v) + 3*q(v). Determine x(-1).
3
Let t(u) = u**3 - 12*u**2 - 14*u + 19. Let l(x) = -2*x**2 - 5*x - 2. Let f be l(-5). Let r = f + 40. Determine t(r).
6
Let s be (-2)/6*(-24)/(-8). Let o = 15 + s. Let x = o - 21. Let i(h) = h**2 + 6*h - 4. What is i(x)?
3
Let o(s) = -64*s - s**2 - 6*s**2 - 63*s - s**3 + 179*s - 9 - 56*s. Determine o(-6).
-21
Let j(k) be the third derivative of k**5/60 + k**4/8 + k**3/6 - 64*k**2. Give j(-3).
1
Let x(i) = -i**3 - i**2 + 3*i + 2. Let v(b) be the second derivative of 0 - 1/2*b**2 + 0*b**3 + 6*b + 1/12*b**4. Let w(f) = 4*v(f) + x(f). Calculate w(3).
7
Let i(d) = -d. Let z(c) = 10*c - 2. Let y(v) = 8*i(v) + z(v). Suppose 2*j - 4*f - 13 = 3, -3*f = 4*j + 23. Let a be (12/(-3))/(0 - j). Calculate y(a).
-6
Suppose 0 = q - 4*l + 10 - 3, 0 = -4*q + 2*l. Let h(d) be the second derivative of -7*d**3/2 - d**2/2 + 10*d. Calculate h(q).
-22
Let t(m) = -2*m. Let z(h) = -h**2 + 6*h + 3. Let v = 36 + -29. Let i be z(v). Calculate t(i).
8
Suppose 4*t - 34 = 38. Let x be ((-19)/57)/(1/t). Let q(v) be the second derivative of v**3/3 + 5*v**2/2 - v. Give q(x).
-7
Let m(l) = 10*l**3 + l**2. Let b be m(1). Let h(g) = 2*g - 8. What is h(b)?
14
Let n(w) = w**2 - 6*w + 20. Let l(q) = q**2 + q. Let h(b) = -6*l(b) - n(b). Let c(d) be the first derivative of h(d). Give c(-1).
14
Suppose -5*m - m + 12 = 0. Let h(z) = z + 2 - 4 - m*z - 1. What is h(0)?
-3
Let g(t) = -t**2 + 10*t - 8. Let h = 57 - 21. Suppose 3*l + 3*z - 18 = 0, 2*l + 3*z = 5*l - h. Give g(l).
1
Let s(x) be the second derivative of 1/20*x**5 + 1/6*x**3 - 61*x + 2*x**2 + 0 - 5/12*x**4. Give s(3).
-11
Let s be (-179 + 101)*(-1)/3. Let y(i) = -i**3 + 24*i**2 + 53*i - 25. Calculate y(s).
1
Let t be 4/(-18) - (-22)/18. Let v be -2 - (-2 - 0) - t. Let k(g) = -13*g**2 + 3*g + 4. Let l(q) = q**2 - q - 1. Let a(i) = k(i) + 4*l(i). What is a(v)?
-8
Let z(h) = h**2 + 5*h + 4. Let m(r) = -4*r - 100. Let f be m(-24). Determine z(f).
0
Suppose 5 = -8*s + 3*s. Let o(l) be the third derivative of -l**6/120 - l**5/30 + l**4/24 + l**3/6 + 42*l**2. What is o(s)?
-1
Let g(c) = 18*c**3 + 1. Let d be 9/36*4*1. What is g(d)?
19
Let n(m) be the second derivative of m**4/6 - m**3/3 - m**2/2 + 19*m. Suppose 0*t = 3*t + z - 8, -4*t - z = -11. Determine n(t).
11
Let g(t) = -3*t**3 - 8*t**2 - 9*t - 1. Let y(q) = -q**3 - q. Let r(n) = g(n) - 2*y(n). What is r(-7)?
-1
Let v(s) = -s**3 - 6*s**2 + 11*s + 1. Let y(p) = p**2 + 18*p - 48. Let g be y(-20). Determine v(g).
41
Let f(t) = 5*t - 253. Let s(a) = -2*a + 92. Let d(o) = -4*f(o) - 11*s(o). Suppose -5*l - 1 = -4*i + 1, -3*l + 2 = -4*i. Let g = l - -4. What is d(g)?
4
Let h(l) be the first derivative of -2*l**3/3 + 3*l**2 + 4*l - 59. Determine h(5).
-16
Let w(a) be the first derivative of -2*a**3/3 + a**2/2 - a + 1. Suppose 0 = -371*u + 364*u + 14. Calculate w(u).
-7
Suppose 3*d + 2*d + 422 = 4*p, -d - 3*p - 73 = 0. Let o = d + 80. Let r(x) = -2*x**2 - x - 2. Give r(o).
-8
Suppose 5*m + 7 + 6 = -2*b, -4*b - 19 = 3*m. Let t(k) = -k**2 - k + 3. Let y be t(-2). Let f(l) = -2*l + y - 2*l + 0*l + 9*l. Give f(m).
-4
Let w(x) = -4*x + 4*x - 3 + 0*x + x. Let q = -39 + 13. Let o = -21 - q. Give w(o).
2
Let z = 583 - 581. Let y(l) be the third derivative of 0 + 5/2*l**3 - 3*l**z - 1/60*l**5 + 0*l + 0*l**4 + 1/120*l**6. Calculate y(0).
15
Suppose j + 3 = 8. Let q = j + -1. Let l(k) = 5*k**3 - 9*k**2 - k - 6. Let u(w) = -6*w**3 + 10*w**2 + 2*w + 6. Let n(h) = 5*l(h) + 4*u(h). Calculate n(q).
-10
Suppose -3*u - x = -5*x + 26, x + 16 = -3*u. Let f be u/24 + (-50)/(-8). Let d(n) = n**2 - 7*n + 3. What is d(f)?
-3
Let f = -23 + 27. Suppose -14 = -x + 2*a, -3*a - f = 2*x + a. Suppose 2*w = 5*q + x*w - 27, 0 = 4*q + 2*w - 18. Let j(h) = h**2 - h - 3. Determine j(q).
3
Let c be ((-56)/(-27) + 26/(-351))*8. Let y(k) = -k**3 + 15*k**2 + 16*k. What is y(c)?
0
Let r(i) = i**3 + 2*i**2 + 4*i + 1. Let z = -196 - -193. Calculate r(z).
-20
Let x(w) be the first derivative of w**4/4 + 5*w**3/3 - 7*w**2/2 - w - 2. Suppose -12 - 5 = -o. Suppose 13*q = o*q + 24. Calculate x(q).
5
Let l(n) be the second derivative of -3*n**3 - 2*n**2 + n. Let i be 1/(10/24)*(-140)/(-42). Let f(h) = 6*h + 1. Let r(u) = i*f(u) + 3*l(u). Calculate r(-3).
14
Let w(g) = 10*g - 12. Let q(y) = 8*y - 15. Let x(f) = 4*q(f) - 3*w(f). What is x(11)?
-2
Let d be 1*-10 - (-8 - -4). Let q(w) = w**3 - w**2. Let a(x) = 5*x**3 + 2*x**2 - x - 4. Let r(b) = a(b) - 4*q(b). Give r(d).
2
Let w(b) = -9*b - 1. Let k = -46 + 48. Suppose -3*p = k*q + 4, -q + p - 3 + 1 = 0. Determine w(q).
17
Let i(r) = r**2 - 2*r - 8. Suppose 0 = 8*l - 10*l, l = 3*p - 12. Calculate i(p).
0
Let a(x) be the first derivative of -x**2 - 3*x + 283. Calculate a(-1).
-1
Let o(d) = d + 16. Let h be o(-9). Let v(g) = -8*g + h*g**2 - 8*g**2 + 9*g + 1. Determine v(0).
1
Let r(t) = 3*t - 1. Suppose -2*i = -5 - 9. Let n(x) = -5*x + 1. Let a(j) = i*r(j) + 4*n(j). Calculate a(-5).
-8
Let y(f) = -5*f + 29. Let d = -1388 + 1396. What is y(d)?
-11
Suppose -9 = -3*b - 0. Let j(m) = -b*m**2 + 3*m**2 - 3*m**2 - 1 + 6*m**2. Calculate j(-1).